{"id":2938,"date":"2023-01-29T22:05:39","date_gmt":"2023-01-29T19:05:39","guid":{"rendered":"https:\/\/serjoe.com\/?page_id=2938"},"modified":"2024-03-04T14:44:08","modified_gmt":"2024-03-04T11:44:08","slug":"teklif","status":"publish","type":"page","link":"https:\/\/serjoe.com\/index.php\/teklif\/","title":{"rendered":"Teklif Sayfas\u0131"},"content":{"rendered":"\t\t<div data-elementor-type=\"wp-page\" data-elementor-id=\"2938\" class=\"elementor elementor-2938\">\n\t\t\t\t\t\t<section class=\"elementor-section elementor-top-section elementor-element elementor-element-0a10a20 elementor-section-full_width elementor-section-height-default elementor-section-height-default\" data-id=\"0a10a20\" data-element_type=\"section\">\n\t\t\t\t\t\t<div class=\"elementor-container elementor-column-gap-default\">\n\t\t\t\t\t<div class=\"elementor-column elementor-col-100 elementor-top-column elementor-element elementor-element-89d3eb1\" data-id=\"89d3eb1\" data-element_type=\"column\">\n\t\t\t<div class=\"elementor-widget-wrap elementor-element-populated\">\n\t\t\t\t\t\t<div class=\"elementor-element elementor-element-3184e56 elementor-widget elementor-widget-gva_post_breadcrumb\" data-id=\"3184e56\" data-element_type=\"widget\" data-widget_type=\"gva_post_breadcrumb.default\">\n\t\t\t\t<div class=\"elementor-widget-container\">\n\t\t\t<div class=\"gva-element-gva_post_breadcrumb gva-element\">   \n<div class=\"post-breadcrumb\">\n   <div class=\"custom-breadcrumb \" >\n            <div class=\"breadcrumb-main\">\n        <div class=\"container\">\n          <div class=\"breadcrumb-container-inner\">\n            <h2 class=\"heading-title\">Teklif Sayfas\u0131<\/h2><ol class=\"breadcrumb\"><li><a href=\"https:\/\/serjoe.com\">Home<\/a> <\/li> <li class=\"active\">Sayfa<\/li><\/ol>          <\/div>  \n        <\/div>   \n      <\/div>  \n   <\/div>\n<\/div>      \n\n<\/div>\t\t<\/div>\n\t\t\t\t<\/div>\n\t\t\t\t\t<\/div>\n\t\t<\/div>\n\t\t\t\t\t<\/div>\n\t\t<\/section>\n\t\t\t\t<section class=\"elementor-section elementor-top-section elementor-element elementor-element-4b8d6fcf elementor-section-boxed elementor-section-height-default elementor-section-height-default\" data-id=\"4b8d6fcf\" data-element_type=\"section\">\n\t\t\t\t\t\t<div class=\"elementor-container elementor-column-gap-default\">\n\t\t\t\t\t<div class=\"elementor-column elementor-col-100 elementor-top-column elementor-element elementor-element-3096fdc\" data-id=\"3096fdc\" data-element_type=\"column\">\n\t\t\t<div class=\"elementor-widget-wrap elementor-element-populated\">\n\t\t\t\t\t\t<div class=\"elementor-element elementor-element-4edb267 elementor-widget elementor-widget-gva-heading-block\" data-id=\"4edb267\" data-element_type=\"widget\" data-widget_type=\"gva-heading-block.default\">\n\t\t\t\t<div class=\"elementor-widget-container\">\n\t\t\t<div class=\"gva-element-gva-heading-block gva-element\">   <div class=\"align-center style-1 widget gsc-heading box-align-left auto-responsive\">\n      <div class=\"content-inner\">\n         \n         \n         <div class=\"heading-line\"><span><\/span><span><\/span><\/div>\n                     <div class=\"sub-title\">\n               <span class=\"tagline\">TEKL\u0130F ALMAK \u0130\u00c7\u0130N B\u0130Z\u0130MLE \u0130LET\u0130\u015e\u0130ME GE\u00c7\u0130N<\/span> \n            <\/div>\n           \n         \n                     <h2 class=\"title\">\n               <span>TEKL\u0130F FORMU<\/span>\n            <\/h2>\n                  \n         \n      <\/div>\n   <\/div>\n<\/div>\t\t<\/div>\n\t\t\t\t<\/div>\n\t\t\t\t\t<\/div>\n\t\t<\/div>\n\t\t\t\t\t<\/div>\n\t\t<\/section>\n\t\t\t\t<section class=\"elementor-section elementor-top-section elementor-element elementor-element-1273eb40 elementor-section-boxed elementor-section-height-default elementor-section-height-default\" data-id=\"1273eb40\" data-element_type=\"section\">\n\t\t\t\t\t\t<div class=\"elementor-container elementor-column-gap-wide\">\n\t\t\t\t\t<div class=\"elementor-column elementor-col-100 elementor-top-column elementor-element elementor-element-2935e4a2\" data-id=\"2935e4a2\" data-element_type=\"column\">\n\t\t\t<div class=\"elementor-widget-wrap elementor-element-populated\">\n\t\t\t\t\t\t<div class=\"elementor-element elementor-element-47f06985 elementor-widget elementor-widget-shortcode\" data-id=\"47f06985\" data-element_type=\"widget\" data-widget_type=\"shortcode.default\">\n\t\t\t\t<div class=\"elementor-widget-container\">\n\t\t\t\t\t<div class=\"elementor-shortcode\">\n<div class=\"wpcf7 no-js\" id=\"wpcf7-f2940-o1\" lang=\"tr-TR\" dir=\"ltr\">\n<div class=\"screen-reader-response\"><p role=\"status\" aria-live=\"polite\" aria-atomic=\"true\"><\/p> <ul><\/ul><\/div>\n<form action=\"\/index.php\/wp-json\/wp\/v2\/pages\/2938#wpcf7-f2940-o1\" method=\"post\" class=\"wpcf7-form init\" aria-label=\"Contact form\" novalidate=\"novalidate\" data-status=\"init\">\n<div style=\"display: none;\">\n<input type=\"hidden\" name=\"_wpcf7\" value=\"2940\" \/>\n<input type=\"hidden\" name=\"_wpcf7_version\" value=\"5.8.6\" \/>\n<input type=\"hidden\" name=\"_wpcf7_locale\" value=\"tr_TR\" \/>\n<input type=\"hidden\" name=\"_wpcf7_unit_tag\" value=\"wpcf7-f2940-o1\" \/>\n<input type=\"hidden\" name=\"_wpcf7_container_post\" value=\"0\" \/>\n<input type=\"hidden\" name=\"_wpcf7_posted_data_hash\" value=\"\" \/>\n<\/div>\n<label style=\"display: inline-block; width: 100%; margin-bottom: 10px;\">\n    <span style=\"display: inline-block; width: 30%; vertical-align: top;\">\u0130sminiz (zorunlu)<\/span><br>\n    <span class=\"wpcf7-form-control-wrap\" data-name=\"your-name\"><input size=\"40\" class=\"wpcf7-form-control wpcf7-text wpcf7-validates-as-required\" aria-required=\"true\" aria-invalid=\"false\" value=\"\" type=\"text\" name=\"your-name\" \/><\/span>\n<\/label>\n\n<label style=\"display: inline-block; width: 100%; margin-bottom: 10px;\">\n    <span style=\"display: inline-block; width: 30%; vertical-align: top;\">\u015eirket ad\u0131<\/span><br>\n    <span class=\"wpcf7-form-control-wrap\" data-name=\"company-name\"><input size=\"40\" class=\"wpcf7-form-control wpcf7-text\" aria-invalid=\"false\" value=\"\" type=\"text\" name=\"company-name\" \/><\/span>\n<\/label>\n\n<br>\n\n<label style=\"display: inline-block; width: 100%; margin-bottom: 10px;\">\n    <span style=\"display: inline-block; width: 30%; vertical-align: top;\">\u00dclke\/\u015eehir<\/span><br>\n    <span class=\"wpcf7-form-control-wrap\" data-name=\"country-city\"><input size=\"40\" class=\"wpcf7-form-control wpcf7-text\" aria-invalid=\"false\" value=\"\" type=\"text\" name=\"country-city\" \/><\/span>\n<\/label>\n\n<label style=\"display: inline-block; width: 100%; margin-bottom: 10px;\">\n    <span style=\"display: inline-block; width: 30%; vertical-align: top;\">\u0130leti\u015fim Telefon Numaras\u0131<\/span><br>\n    <span class=\"wpcf7-form-control-wrap\" data-name=\"contact-phone\"><input size=\"40\" class=\"wpcf7-form-control wpcf7-tel wpcf7-validates-as-required wpcf7-text wpcf7-validates-as-tel\" aria-required=\"true\" aria-invalid=\"false\" value=\"\" type=\"tel\" name=\"contact-phone\" \/><\/span>\n<\/label>\n\n<br>\n\n<label style=\"display: inline-block; width: 100%; margin-bottom: 10px;\">\n    <span style=\"display: inline-block; width: 30%; vertical-align: top;\">E-posta Adresiniz (zorunlu)<\/span><br>\n    <span class=\"wpcf7-form-control-wrap\" data-name=\"your-mail\"><input size=\"40\" class=\"wpcf7-form-control wpcf7-email wpcf7-validates-as-required wpcf7-text wpcf7-validates-as-email\" aria-required=\"true\" aria-invalid=\"false\" value=\"\" type=\"email\" name=\"your-mail\" \/><\/span>\n<\/label>\n\n<label style=\"display: inline-block; width: 100%; margin-bottom: 10px;\">\n    <span style=\"display: inline-block; width: 30%; vertical-align: top;\">\u00dcr\u00fcn \/ \u00d6\u011fe<\/span><br>\n    <span class=\"wpcf7-form-control-wrap\" data-name=\"commodity-item\"><input size=\"40\" class=\"wpcf7-form-control wpcf7-text\" aria-invalid=\"false\" value=\"\" type=\"text\" name=\"commodity-item\" \/><\/span>\n<\/label>\n\n<br>\n\n<label style=\"display: inline-block; width: 100%; margin-bottom: 10px;\">\n    <span style=\"display: inline-block; width: 30%; vertical-align: top;\">\u00dcr\u00fcn\u00fcn \u00dclkesi \/ \u00dcr\u00fcn Men\u015fei<\/span><br>\n    <span class=\"wpcf7-form-control-wrap\" data-name=\"country-origin\"><input size=\"40\" class=\"wpcf7-form-control wpcf7-text\" aria-invalid=\"false\" value=\"\" type=\"text\" name=\"country-origin\" \/><\/span>\n<\/label>\n\n<label style=\"display: inline-block; width: 100%; margin-bottom: 10px;\">\n    <span style=\"display: inline-block; width: 30%; vertical-align: top;\">Toplam karton say\u0131s\u0131<\/span><br>\n    <span class=\"wpcf7-form-control-wrap\" data-name=\"total-cartons\"><input size=\"40\" class=\"wpcf7-form-control wpcf7-text\" aria-invalid=\"false\" value=\"\" type=\"text\" name=\"total-cartons\" \/><\/span>\n<\/label>\n\n<br>\n\n<label style=\"display: inline-block; width: 100%; margin-bottom: 10px;\">\n    <span style=\"display: inline-block; width: 30%; vertical-align: top;\">Konteyner say\u0131s\u0131<\/span><br>\n    <span class=\"wpcf7-form-control-wrap\" data-name=\"containers\"><input size=\"40\" class=\"wpcf7-form-control wpcf7-text\" aria-invalid=\"false\" value=\"\" type=\"text\" name=\"containers\" \/><\/span>\n<\/label>\n\n<label style=\"display: inline-block; width: 100%; margin-bottom: 10px;\">\n    <span style=\"display: inline-block; width: 30%; vertical-align: top;\">Fatura De\u011feri<\/span><br>\n    <span class=\"wpcf7-form-control-wrap\" data-name=\"invoice-value\"><input size=\"40\" class=\"wpcf7-form-control wpcf7-text\" aria-invalid=\"false\" value=\"\" type=\"text\" name=\"invoice-value\" \/><\/span>\n<\/label>\n\n<br>\n\n<label style=\"display: inline-block; width: 100%; margin-bottom: 10px;\">\n    <span style=\"display: inline-block; width: 30%; vertical-align: top;\">Toplam CBM<\/span><br>\n    <span class=\"wpcf7-form-control-wrap\" data-name=\"total-cbm\"><input size=\"40\" class=\"wpcf7-form-control wpcf7-text\" aria-invalid=\"false\" value=\"\" type=\"text\" name=\"total-cbm\" \/><\/span>\n<\/label>\n\n<label style=\"display: inline-block; width: 100%; margin-bottom: 10px;\">\n    <span style=\"display: inline-block; width: 30%; vertical-align: top;\">Toplam A\u011f\u0131rl\u0131k<\/span><br>\n    <span class=\"wpcf7-form-control-wrap\" data-name=\"total-weight\"><input size=\"40\" class=\"wpcf7-form-control wpcf7-text\" aria-invalid=\"false\" value=\"\" type=\"text\" name=\"total-weight\" \/><\/span>\n<\/label>\n\n<br>\n\n<label style=\"display: inline-block; width: 100%; margin-bottom: 10px;\">\n    <span style=\"display: inline-block; width: 30%; vertical-align: top;\">Al\u0131m Noktas\u0131<\/span><br>\n    <span class=\"wpcf7-form-control-wrap\" data-name=\"pickup-point\"><input size=\"40\" class=\"wpcf7-form-control wpcf7-text\" aria-invalid=\"false\" value=\"\" type=\"text\" name=\"pickup-point\" \/><\/span>\n<\/label>\n\n<label style=\"display: inline-block; width: 100%; margin-bottom: 10px;\">\n    <span style=\"display: inline-block; width: 30%; vertical-align: top;\">Var\u0131\u015f \u00dclkesi \/ \u015eehri<\/span><br>\n    <span class=\"wpcf7-form-control-wrap\" data-name=\"destination-country-city\"><input size=\"40\" class=\"wpcf7-form-control wpcf7-text\" aria-invalid=\"false\" value=\"\" type=\"text\" name=\"destination-country-city\" \/><\/span>\n<\/label>\n\n<br>\n\n<div style=\"display: flex; flex-wrap: wrap;\">\n\n    <label style=\"flex: 1 1 100%; margin-bottom: 10px;\">\n        <span style=\"display: inline-block; width: 30%; vertical-align: top;\">\u0130\u00e7erik A\u00e7\u0131klamas\u0131<\/span><br>\n        <span class=\"wpcf7-form-control-wrap\" data-name=\"content-description\"><textarea cols=\"40\" rows=\"10\" class=\"wpcf7-form-control wpcf7-textarea\" aria-invalid=\"false\" name=\"content-description\"><\/textarea><\/span>\n    <\/label>\n\n    <div style=\"flex: 1 1 100%; text-align: end;\">\n        <input class=\"wpcf7-form-control wpcf7-submit has-spinner\" type=\"submit\" value=\"G\u00f6nder\" \/>\n    <\/div>\n\n<\/div><input type='hidden' class='wpcf7-pum' value='{\"closepopup\":false,\"closedelay\":0,\"openpopup\":false,\"openpopup_id\":0}' \/><div class=\"wpcf7-response-output\" aria-hidden=\"true\"><\/div>\n<\/form>\n<\/div>\n<\/div>\n\t\t\t\t<\/div>\n\t\t\t\t<\/div>\n\t\t\t\t\t<\/div>\n\t\t<\/div>\n\t\t\t\t\t<\/div>\n\t\t<\/section>\n\t\t\t\t<\/div>\n\t\t","protected":false},"excerpt":{"rendered":"<p>Teklif Sayfas\u0131 Home Sayfa TEKL\u0130F ALMAK \u0130\u00c7\u0130N B\u0130Z\u0130MLE \u0130LET\u0130\u015e\u0130ME GE\u00c7\u0130N TEKL\u0130F FORMU<\/p>\n","protected":false},"author":1,"featured_media":0,"parent":0,"menu_order":0,"comment_status":"closed","ping_status":"closed","template":"","meta":{"footnotes":""},"_links":{"self":[{"href":"https:\/\/serjoe.com\/index.php\/wp-json\/wp\/v2\/pages\/2938"}],"collection":[{"href":"https:\/\/serjoe.com\/index.php\/wp-json\/wp\/v2\/pages"}],"about":[{"href":"https:\/\/serjoe.com\/index.php\/wp-json\/wp\/v2\/types\/page"}],"author":[{"embeddable":true,"href":"https:\/\/serjoe.com\/index.php\/wp-json\/wp\/v2\/users\/1"}],"replies":[{"embeddable":true,"href":"https:\/\/serjoe.com\/index.php\/wp-json\/wp\/v2\/comments?post=2938"}],"version-history":[{"count":35,"href":"https:\/\/serjoe.com\/index.php\/wp-json\/wp\/v2\/pages\/2938\/revisions"}],"predecessor-version":[{"id":2985,"href":"https:\/\/serjoe.com\/index.php\/wp-json\/wp\/v2\/pages\/2938\/revisions\/2985"}],"wp:attachment":[{"href":"https:\/\/serjoe.com\/index.php\/wp-json\/wp\/v2\/media?parent=2938"}],"curies":[{"name":"wp","href":"https:\/\/api.w.org\/{rel}","templated":true}]}}